= -5*a - 4*f + 105, 4*f - 42 + 140 = 2*a. Let l = 61 + 23. What is the remainder when l is divided by a?
26
What is the remainder when 1428 is divided by 990/(-12)*(-3 + 28/12)?
53
Suppose -n - 6 = -4*x, -x = 2*x + n - 8. Suppose 0*h + 3*v - 96 = -x*h, 0 = -5*h - 2*v + 262. What is the remainder when 105 is divided by h?
51
Suppose 45*o - 46*o = 20. Calculate the remainder when 25 is divided by (-5)/(-15)*-3 - o/2.
7
Suppose 4*b - h = -0*b + 49, 4*b + 5*h - 19 = 0. Let s(f) = -11*f**2 - 152*f - 491. Calculate the remainder when s(-8) is divided by b.
10
Suppose 4 = -3*m - 5*a, 16 = 3*m + a - 6*a. Suppose -w + 44 = 3*r, m*w = -3*r + r + 24. Calculate the remainder when 379 is divided by r.
11
Suppose -15*g + j + 145 = -12*g, 4*j - 20 = 0. Calculate the remainder when 399 is divided by g.
49
Suppose 4059 = 33*x - 4983. Calculate the remainder when x is divided by 72.
58
Suppose 5*d + 43*h - 52 - 9 = 0, d - 57 = -3*h. Suppose -5*j + 180 = -0. What is the remainder when d is divided by j?
9
What is the remainder when 4095 is divided by -1*1923/(-30) + (1029/210 - 5)?
63
Suppose 4*l - 5*q + 0*q = 371, 3*l + 5*q - 287 = 0. Let a(c) = -c**2 + 15*c. Let g be a(17). What is the remainder when l is divided by ((-17)/g)/(1/48)?
22
Suppose k = 26*k - 9675. Let p = 583 - k. Calculate the remainder when p is divided by 11.
9
Let q = -2317 - -2325. Let a be (10/4)/((-1)/(-6)). Suppose -q*g = -5*g - a. What is the remainder when 13 is divided by g?
3
Let n(y) = -y**3 - 8*y**2 - 6*y - 3. Calculate the remainder when n(-10) is divided by (2 - (-45)/(-10))/(2*(-5)/24).
5
Suppose 2*j + 50 = 4*a, -40 = 170*a - 173*a - j. What is the remainder when 1624 is divided by a?
12
Suppose -15*i - 8*i = -46. Calculate the remainder when 167 is divided by 72/i*10/15.
23
Suppose -83*k = -1571 - 16357. Calculate the remainder when k is divided by 28.
20
Calculate the remainder when 6/117*(-6 - -9) + 125240/13 is divided by 66.
64
Let x(l) = -4*l**2 + 124*l + 27. Let p be x(25). Let r = p - 559. Calculate the remainder when r is divided by 6.
2
Suppose -183 = -18*d + 753. Suppose l + 19 + d = 3*w, -77 = -3*w + 4*l. What is the remainder when w is divided by 20?
3
Let q(w) = 3236*w + 40. Let s be q(2). Let i(r) = 19*r**2 - 3*r + 2. What is the remainder when s/77 + 6/(-14)*-1 is divided by i(1)?
13
Let x be (-3)/(-5) - (-6)/(-10). Suppose x = -2*q + 3*a + 37, 2*q - a + 2*a = 49. Let i = 31 - q. What is the remainder when 47 is divided by i?
7
Let m be 1/(-2) - (-529)/(-46). Let w = 3 - m. What is the remainder when 58 is divided by w?
13
Suppose -11 = -8*s - 35. Calculate the remainder when -14*((s - (-1 + -1)) + -1) is divided by 11.
6
Let m(i) = -i**3 + 34*i**2 - 25*i + 90. Calculate the remainder when m(32) is divided by 10.
8
What is the remainder when (869 - -7 - 7) + -6 is divided by 16?
15
Let p be 382*(44/32 - 12/32). Let l = -210 + p. What is the remainder when l is divided by 35?
32
Let s(p) = -p**3 + 6*p**2 - p + 15. Let d be s(6). Let g be ((-29)/(-2))/(d/18). What is the remainder when 55 is divided by (-1)/(2 + g/(-14))?
13
Suppose 3*q - 57 - 193 = -4*u, q - 2*u - 100 = 0. Suppose 0 = 7*x - q + 20. Suppose x - 185 = -5*s. Calculate the remainder when 137 is divided by s.
32
Calculate the remainder when (20/(-6))/((-7728)/(-774) + -10) is divided by 121.
94
Let o(d) = -2*d - 6 + 8 - 4 + 3. Suppose u - 2*a - 36 - 21 = 0, 93 = 2*u + 3*a. What is the remainder when u is divided by o(-6)?
12
What is the remainder when 3 is divided by (2/(-18))/(4/(-12))*(44 + -41)?
0
Suppose -3*y + 167 = -5*c, 0*y + c + 109 = 2*y. Let f = -52 + y. Suppose 4*p - 20 = -p - 3*r, -p + 4 = f*r. What is the remainder when 23 is divided by p?
3
Suppose -2*q + 376 = -0*q. Let z = q + -118. Suppose 9*c - 56 - z = 0. What is the remainder when 83 is divided by c?
13
Let g = -1435 - -1821. Calculate the remainder when g is divided by 10.
6
Let g(s) = -s**2 + 27*s - 10. Let o be g(26). Suppose -63 = -v - 2*h, 6*h = 2*h - o. Calculate the remainder when v is divided by 29.
13
Let z = -6332 + 6641. Calculate the remainder when z is divided by 80.
69
Suppose 846*r - 33757 = 841*r + 4*x, -r = -3*x - 6736. Calculate the remainder when r is divided by 13.
10
Calculate the remainder when 786 is divided by (-9)/(7/(-812)*4).
3
Let k(j) = j**3 + 6*j**2 - 8*j - 14. Let l be k(-4). Calculate the remainder when 83 is divided by 10/l - ((-1284)/(-5))/(-6).
40
Suppose -3*z - z = 24, 4*i - z = 918. What is the remainder when 587 is divided by i?
131
Let f = -4551 - -4627. Calculate the remainder when f is divided by (-2)/3 + 186/9.
16
Let t(c) = 24*c - 2. Let u be t(1). Suppose -8*r - u = 66. Let m(g) = g**2 + 5*g + 12. Calculate the remainder when m(r) is divided by 20.
18
Let l(n) be the first derivative of 2*n**3 + 3*n**2/2 - 2*n - 1. Let g(t) = -22*t**2 - 682*t - 492. What is the remainder when g(-30) is divided by l(-3)?
39
Let p be 10 - (7 + 8/8). Calculate the remainder when 298 is divided by (-23124)/(-1804) - (0 + p/(-11)).
12
Let j be -11 - (5 + 0/(-4)). Let o = -6 - j. Let v(x) = 38*x**3 - x**2 - x + 1. What is the remainder when v(1) is divided by o?
7
Calculate the remainder when 882 is divided by (384/(-10))/((-2512)/(-160) + -16).
114
Let g(f) = -21*f - 38. Let m be g(-2). Suppose -5*y = 4*v - 83, 36 + 14 = 2*y - m*v. Let z(x) = -x + 1. What is the remainder when y is divided by z(-3)?
3
Suppose -2*o + 21 = c, -2*o - 3*o = 5*c - 50. Suppose u + 5*i + 5 = 17, 4*i = 4*u. Suppose u*t - 57 = 7. Calculate the remainder when t is divided by o.
10
Suppose 3*j - 2070 = 3*g, -5*g - 7 = -j + 671. Let l = -468 + j. Calculate the remainder when l is divided by 38.
35
What is the remainder when 824 is divided by (168/204)/(-7) + 5259/51?
0
Suppose -7*g - 18*g = -500. Calculate the remainder when 2*60 - (0 + 4 - 3) is divided by g.
19
Let w(h) = h**2 - 35*h - 147. Suppose 0 = 2*p - 6, 18*p = -3*a + 17*p + 120. Calculate the remainder when w(a) is divided by 2.
1
Let c(d) = -d**2 - 6*d + 4. Let b be c(-6). Suppose 27 = b*s + 11. What is the remainder when (-2)/5 - 64/(-10) is divided by s?
2
Suppose 345 = 15*r - 30. What is the remainder when 94 is divided by r?
19
Let a(m) = -m**3 + 6*m**2 + 5*m - 4. Let l(i) = i**2 - 16*i**2 + i**3 + 21*i - 12*i - 14 + 24*i. Calculate the remainder when l(13) is divided by a(6).
25
Let q = 55 + -11. Suppose 0 = 3*x - 2*y - q, 3*x + 74 = 7*x + 5*y. What is the remainder when x is divided by 9/12 - 170/(-40)?
1
Suppose a - 24 = -7*a. Suppose a*w = -w + 8. Suppose 0 = 3*u + w*f - 22, -3*u + 0*u - 5*f + 19 = 0. What is the remainder when u is divided by 5?
3
Let w = -177 - -150. Suppose -6 - 30 = -6*y. What is the remainder when 26 is divided by (-8)/y*w/6?
2
Suppose -5*d = 3*a - 36, -13606*d + 13605*d - 3*a + 24 = 0. Let n(g) = 49*g + 1. What is the remainder when n(1) is divided by d?
2
Let k(d) = -16*d + 132. Let a be k(6). Suppose -3*u - 2*p + 108 = -p, -u - 4*p + a = 0. What is the remainder when u is divided by 24?
12
Let l(x) = -89*x - 1. Suppose -27 = -4*q + 13. Calculate the remainder when l(-1) is divided by -3*(-8)/(-60) + 234/q.
19
Suppose 3*v - 8*v = q - 1634, 2*q = 2*v - 644. Calculate the remainder when v is divided by 111.
104
Let i(d) = 2*d**3 - 6*d**2 + 19*d - 25. What is the remainder when (-212)/(-6)*11/(77/21) is divided by i(3)?
10
Suppose 0 = 18*d - 5*d - 0*d - 3328. Calculate the remainder when d is divided by 61.
12
Let a be (2 + 8)*12/30. Let s(t) = 1844*t + t**2 - 1840*t - a + 9. What is the remainder when 15 is divided by s(-4)?
0
Suppose 332*a - 335*a + 466 + 4259 = 0. Calculate the remainder when a is divided by 22.
13
Let r(i) = -2*i**2 + 60*i + 100. Suppose 130 = 6*m - m. Calculate the remainder when r(30) is divided by m.
22
Suppose -2*m + 5*l = -5513 - 12, 4*m = -3*l + 10985. What is the remainder when m is divided by 458?
2
Let x be 87/(-27) + (-87)/(-27) + -3. Let c(b) = -2*b - 5. Let a be c(x). Suppose a = -7*u + 36. What is the remainder when 19 is divided by u?
4
Let c(t) = -t**2 - 9*t + 8. Let g(h) = -h**3 - 17*h**2 + 18*h + 4. Let k be g(-18). Calculate the remainder when 58/8*k - (-2)/2 is divided by c(-8).
14
Suppose -6132 = -29*l + 567. Let x(p) = p**2 - 5*p - 4. Calculate the remainder when (-6)/(-33) - (-9891)/l is divided by x(7).